) = 4 + 4*m - 3*m - 5*m + m. Give v(-4).
16
Let j(b) be the third derivative of -b**4/24 - 2*b**3/3 - 5*b**2. What is j(-3)?
-1
Let t(d) be the third derivative of -d**4/24 + 4*d**2. Calculate t(1).
-1
Let u = 11 + -8. Let h(n) = 2*n - 2 + n + u. Let d be h(1). Let c(b) = -b**3 + 4*b**2 - 2*b + 4. What is c(d)?
-4
Let k(o) = -5*o. Suppose 0*h + 16 = h. Suppose 2*y + 2 = 5*n + 4, -4*n = 2*y + h. Let g = y - -3. Calculate k(g).
5
Let q(n) = -11*n**3 + 18*n**2 - 34*n - 1. Let j(l) = 7*l**3 - 12*l**2 + 22*l + 1. Let t(i) = 8*j(i) + 5*q(i). What is t(5)?
8
Let r be 1 - ((5 - 2) + -4). Let f(g) = -2*g**2 + 4*g - 2. What is f(r)?
-2
Let g(k) = -2*k**2 - 4*k + 9. Let b be g(-4). Let i(a) be the first derivative of a**3/3 + 5*a**2/2 - 8*a + 2. Determine i(b).
6
Let v(o) = o**2 + 2*o - 1. Suppose 5*f = i - 16 + 1, 4*f + 12 = -4*i. Determine v(f).
2
Let m(c) = -39*c**2 - 7*c + 8*c + 34*c**2. What is m(2)?
-18
Let s = 5 - 7. Let u be (-312)/60 - s/10. Let y(l) = l + 3. Give y(u).
-2
Suppose 0 = 4*t + 2*d + 38, -d - 4 + 3 = 0. Let v(b) = b + 10. Calculate v(t).
1
Suppose -2*i - 5 - 1 = -2*t, 3*t - 9 = 2*i. Suppose 2*q - 5*o = -2*q + 15, 0 = -3*q + t*o + 12. Let v(r) = 2*r - r**3 + 3*r + 1 + 4*r**2 + 3. Calculate v(q).
4
Let t(z) = 7*z**2 + z - 1. Suppose -n = -2*n + 4. Let l = 0 + 2. Suppose y + n*x = -y + 22, 4*y = -l*x + 14. Give t(y).
7
Let v(z) = -z**2 + 2. Suppose -3*d - 3*w - 9 = 0, -2*d - 4*w - w - 18 = 0. Let x be (-2 - d*-6)/2. Suppose x = -0*a - a. Determine v(a).
-2
Let l(u) be the second derivative of 1/10*u**5 + 0*u**4 + 1/6*u**3 - u + 0 - 1/2*u**2. What is l(1)?
2
Let l(g) = 4*g**2 + 1. Let n(c) = 3*c**2 + c + 1. Let a be n(-1). Suppose -5*p - 18 = a*k - 7, 0 = 2*p - 5*k - 8. Give l(p).
5
Let z(d) be the third derivative of 0 - 1/2*d**3 - d**2 + 0*d + 1/60*d**5 + 5/24*d**4. Suppose i + 2*c + 13 = 0, i - 2 + 23 = -4*c. Determine z(i).
-3
Let q(y) be the first derivative of y**3/6 + y**2/2 - y + 1. Let n(j) be the first derivative of q(j). Give n(-5).
-4
Let c = -22 + 20. Let q(u) = u + 2. What is q(c)?
0
Suppose 4*u + 2*r - 26 = 0, -5*u - r + 5*r = 0. Let z(i) = 0 - u*i - 2 + i**2 + i. Let c = 22 - 19. Determine z(c).
-2
Let c(s) be the first derivative of s**2/2 - 3*s - 40. Give c(4).
1
Suppose -3*h + 11 = 5*x, -5*h + 4*h + x + 1 = 0. Let z(q) = -4 + 2*q**2 - h*q**2 + 4*q + 6*q**2 - 5*q**2. Give z(-4).
-4
Let j = -3 - -6. Let t(z) = z**2 - 4*z + 4. Let m be t(j). Let w(b) be the second derivative of -7*b**5/20 + b**4/12 - b**3/6 + b**2/2 + b. Give w(m).
-6
Let t = -10 - -15. Let h be ((-10)/8)/(5/(-20)). Let k(m) = -h*m**2 + 3 + m**3 - 2 - 4 + 2*m. Determine k(t).
7
Let r(d) = 2*d**2 - 2 - 5*d + 1 - 3*d**2 + 4. What is r(-4)?
7
Let o(m) = -2*m + 0 - 1 + 0*m. Let q = 2 + 1. Give o(q).
-7
Let s(l) = l + 9. Let c(z) = z - 1. Let y(a) = 3*c(a) + s(a). Let o(f) = f**2 - 5*f. Let k be o(4). Give y(k).
-10
Let x(l) = -l + 13 - l - 37 + 3*l. Determine x(0).
-24
Let c(o) = -2*o - 1. Let b = -17 - -22. Let i = 1 - b. Determine c(i).
7
Let w(g) = g + 22. Let f be w(-17). Let j(z) = -z**2 - 2*z + 4. Let p(s) = -3*s**2 - 4*s + 7. Let a(b) = f*j(b) - 2*p(b). Give a(4).
14
Let r = 7 + -5. Suppose -r*v + 4 = -0. Let f(i) be the second derivative of i**3/2 + i**2/2 + 3*i. Determine f(v).
7
Let s = -13 - -10. Let l(y) be the second derivative of y**5/60 + y**3/6 + y**2/2 - 2*y. Let w(q) be the first derivative of l(q). Give w(s).
10
Let s = 0 + 5. Let m = 4 - s. Let f(h) = -2*h**2 - 1. Give f(m).
-3
Suppose -4*d = -2 - 22. Suppose -d = 4*i + 6. Let u(k) = k**2 + 3*k + 3. What is u(i)?
3
Let w = 5 - 0. Suppose -u - 3*z + 2*z + 4 = 0, -4*z + 21 = 5*u. Suppose 5*v + 15 = u*j, -w*v - 2 - 5 = -3*j. Let f(x) = 6*x**2. Calculate f(v).
6
Suppose 0 = 5*y - 0*y + 15, 5*u + 3*y - 16 = 0. Let x = 1 - u. Let a(b) = -b**2 - 2*b + 1. What is a(x)?
-7
Let x(b) = b**2 - 8*b - 4. Let a(i) = -i**2 + 9*i + 5. Let m(p) = 4*a(p) + 5*x(p). Give m(6).
12
Let f(h) = -6*h**2 + 4*h**3 + 4*h - 2*h**3 + 2 - h**3. Give f(5).
-3
Let v = 11 + -7. Let l(p) = 2*p - 5. Calculate l(v).
3
Let d(r) = 4*r**2 - r. Let g(s) = s**3 + 8*s**2 + 6*s - 8. Let v be g(-7). What is d(v)?
5
Let z(h) = -h**2 - h + 9. Let s be z(-3). Let c(r) = -r**3 + 2*r**2 + 5*r - 4. Give c(s).
2
Let h be (4/(-4) + 2)*(0 - 1). Let r(o) = 5*o**2 - 2*o + 1 - o + 5*o. Determine r(h).
4
Let q(z) = -2*z**2 + 3*z - 1. Let h be 0 - 1 - (-1 + -6). Let d = h + -2. Suppose -2*x + d = -0*x. Calculate q(x).
-3
Let o be (-27)/6 - 2/(-4). Let x(m) be the first derivative of 1 - 2*m - 3/2*m**2 - 1/3*m**3. Determine x(o).
-6
Suppose 2*t + 0*t = 12. Let w = t - 6. Let r(m) = m**2 - m + 6. Give r(w).
6
Let i(a) be the first derivative of -1/2*a**2 + 7*a - 3. What is i(6)?
1
Let t(c) be the third derivative of c**4/24 - 2*c**3/3 + 21*c**2. Determine t(7).
3
Let o be 2 - (0 - 1) - 0. Let u(n) = 2*n - n - 1 - 2*n - 1. What is u(o)?
-5
Let n(h) = -2*h**2 + h. Let d be n(1). Suppose 4*w = -w + 5. Let x(u) = w - 4*u**2 + 4*u**2 - 3*u**3. Calculate x(d).
4
Let g(s) be the first derivative of -s**5/20 - s**4/6 + s**3/6 + s**2/2 - 2*s + 2. Let u(o) be the first derivative of g(o). Determine u(-2).
-1
Let z(x) = 3*x + 7. Let y(h) = h + 2. Let p(k) = -7*y(k) + 2*z(k). Determine p(3).
-3
Let n(x) = x**2 - x. Suppose 4*o = 3*o + 3. Suppose 6*m - o = 5*m. Suppose m*g + 4 = g. Determine n(g).
6
Suppose -4*l - 2*r + 24 = 0, -4*r = 5*l - 3*r - 36. Let y(i) = -i**3 + 7*i**2 + 10*i - 8. What is y(l)?
8
Let w(g) be the second derivative of g**6/360 + g**5/120 - g**3/3 - 6*g. Let l(f) be the second derivative of w(f). What is l(-3)?
6
Let h(l) = l**3 - 6*l**2 + 2*l - 3. Suppose 2*g = -4*r, 4*r = -4*g + 3*r + 21. Determine h(g).
9
Let f = 26 + -24. Let m(r) = -2*r**3 - 3*r - 4*r**2 + 3*r**2 + 2 + 3*r**3. Give m(f).
0
Let g(b) = b**3 + b**2 - 4. Let i(t) = 5*t**3 + 4*t**2 + t - 20. Let w(r) = 11*g(r) - 2*i(r). Let x(y) = y**2 + 6*y + 5. Let n be x(-4). What is w(n)?
2
Let i(c) be the third derivative of c**5/60 - c**4/4 - c**2. Suppose 0*f + 15 = 3*f. Let o be (1 - 2/10)*f. What is i(o)?
-8
Let n be (-771)/(-9) + (-1)/(-3). Suppose -n = -3*u + 16. Let a be 4/(-16) - u/(-8). Let g(o) = -o + 2. Calculate g(a).
-2
Let c = 10 - 1. Suppose c = 2*a - 4*a + 3*u, -2*u = a - 6. Let d(s) = s**2 + 2. Give d(a).
2
Let t(h) be the first derivative of 0*h**2 - h + 2 + 2/3*h**3. Let i(m) = -m**2 + 3*m - 1. Let b be i(3). Calculate t(b).
1
Let t = 29 + -115/4. Let v(q) be the first derivative of t*q**4 - 3*q - 5/3*q**3 + 1 + 3*q**2. Give v(4).
5
Suppose u = -2*u - 27. Let j = -15 - u. Let s be (j/(-7))/((-2)/14). Let r(q) = -q**2 - 6*q - 5. What is r(s)?
-5
Let w be 4*-1*2/(-4). Let j(l) be the second derivative of -5*l**3/6 + l**2 + 13*l - 2. Give j(w).
-8
Let b(x) = x**3 - 2*x**2 - 4*x. Let k be b(3). Let f = 5 + k. Let m(i) = i**3 - 4*i**2 + 3*i - 1. Calculate m(f).
-3
Let v(k) be the third derivative of -5*k**4/12 + k**2. Suppose 3*i = -3*i + 6. Give v(i).
-10
Let t be (-15)/35 + (-6)/(-14). Let a(o) = 6 - o - 2*o**3 - 7 + 3*o**3. What is a(t)?
-1
Let u(g) = g**3 - 7*g**2 + 6*g + 4. Let i = 58 + -52. Calculate u(i).
4
Suppose o - 4*k + 10 = 38, 4*k = 2*o - 48. Suppose -2*m + 8 = o. Let n(d) = -13*d + 11 - 5*d - 12*d + 31*d. Determine n(m).
5
Let b(i) = -i**3 + 5*i**2 - 4*i + 2. Let s be -1 - (-3 - 0 - 2). What is b(s)?
2
Let n(b) = -b**3 + 4*b**2 - 2*b + 1. Let z be n(2). Let k be -2*-2*(-3)/(-6). Let o(u) = u**k - 7 - z*u + 3 + u + u**3 + 2*u**2. What is o(-4)?
-4
Let u(m) = 5*m + 1. Let g(c) be the first derivative of -c**2/2 + 2. Let y be g(-4). Suppose -2 = y*t + 2. What is u(t)?
-4
Let p be (11 - 12)/(2/12). Let m(t) = t + 2*t**3 - 5*t**2 + 3*t - 3*t**3 - 6. Determine m(p).
6
Let k(n) = -n + 2. Suppose -5*f + 5 = -10. Suppose 3*a - d = f*d + 27, 4*d = a - 17. What is k(a)?
-3
Let l(a) = 2*a + 1 + 4 - 3 - 1. Let d(x) = -x + 10. Let u be d(9). Give l(u).
3
Let u(l) = 19*l - 1. Let p = 81 + -82. Give u(p).
-20
Let w be (-3 + 1)*3/3. Let t be -1*(-2)/w + 5. Suppose 2*u - 2 = t*u. Let m(l) = -5*l + 1. Calculate m(u).
6
Let t be ((-6)/7)/(27/(-126)). Suppose -5*k = 4*w - 18, 0 = 2*w - 0*k + t*k - 6. Let y(u) = u**2 - 8*u + 1. What is y(w)?
-6
Let v(p) = p + 6. Let o be v(-4). Suppose 0 = n + n - o. Let b(k) = -5*k**3 - 2*k**2 + 1. Calculate b(n).
-6
Suppose 0 = -m - 3*g + 